{"id":2317,"date":"2013-10-02T15:22:59","date_gmt":"2013-10-02T19:22:59","guid":{"rendered":"\/transparencia\/?page_id=2317"},"modified":"2017-02-13T10:16:50","modified_gmt":"2017-02-13T13:16:50","slug":"pasivos-ano-2013","status":"publish","type":"page","link":"https:\/\/www.transparenciaquillota.cl\/?page_id=2317","title":{"rendered":"Pasivos a\u00f1os anteriores"},"content":{"rendered":"<table border=\"0\" width=\"100%\" cellspacing=\"0\" cellpadding=\"0\">\n<tbody>\n<tr>\n<td>\n<table border=\"0\" width=\"100%\" cellspacing=\"0\" cellpadding=\"6\">\n<tbody>\n<tr>\n<td id=\"titulo18\" bgcolor=\"#EBEBEB\">\n<h3>\u00a1Por que si estamos informados podemos tomar mejores decisiones!<\/h3>\n<\/td>\n<\/tr>\n<tr>\n<td id=\"contenido18\">La Ley 20.285 de Acceso a la Informaci\u00f3n P\u00fablica, conocida como Ley de Transparencia se\u00f1ala que todas personas naturales o jur\u00eddicas tienen el derecho de solicitar y recibir informaci\u00f3n de cualquier \u00f3rgano del Estado.<\/td>\n<\/tr>\n<\/tbody>\n<\/table>\n<\/td>\n<\/tr>\n<tr>\n<td>\n<table border=\"0\" width=\"100%\" cellspacing=\"0\" cellpadding=\"6\">\n<tbody>\n<tr>\n<td id=\"titulo19\" bgcolor=\"#EBEBEB\">\n<h3>\u00bfPor qu\u00e9 es tan importante acceder a la informaci\u00f3n p\u00fablica?<\/h3>\n<\/td>\n<\/tr>\n<tr>\n<td id=\"contenido19\">* Para CONOCER las actividades de las autoridades y los beneficios que entrega el Estado * Para FISCALIZAR las acciones del Estado, ayudando a prevenir la corrupci\u00f3n de las instituciones y organismos p\u00fablicos * Para EVALUAR las pol\u00edticas p\u00fablicas y el trabajo que realizan las autoridades de Chile<\/td>\n<\/tr>\n<\/tbody>\n<\/table>\n<\/td>\n<\/tr>\n<\/tbody>\n<\/table>\n<p>&nbsp;<\/p>\n<p><a href=\"http:\/\/web.quillota.cl\/transparencia\/wp-content\/uploads\/2012\/08\/icono_volver2.png\"><img loading=\"lazy\" decoding=\"async\" class=\"alignnone size-full wp-image-994\" title=\"icono_volver\" src=\"http:\/\/web.quillota.cl\/transparencia\/wp-content\/uploads\/2012\/08\/icono_volver2.png\" alt=\"\" width=\"14\" height=\"12\" \/><\/a><a>Volver Atr\u00e1s<\/a><\/p>\n<h2>Pasivos<\/h2>\n<table border=\"0\" cellpadding=\"0\">\n<tbody>\n<tr>\n<td colspan=\"12\">\n<table border=\"0\" cellpadding=\"0\">\n<tbody>\n<tr>\n<td colspan=\"12\">\n<h2>A\u00f1o 2016<\/h2>\n<\/td>\n<\/tr>\n<tr bgcolor=\"#EBEBEB\">\n<td>\n<h3>Enero<\/h3>\n<\/td>\n<td>\n<h3>Febrero<\/h3>\n<\/td>\n<td>\n<h3>Marzo<\/h3>\n<\/td>\n<td>\n<h3>Abril<\/h3>\n<\/td>\n<td>\n<h3>Mayo<\/h3>\n<\/td>\n<td>\n<h3>Junio<\/h3>\n<\/td>\n<td>\n<h3>Julio<\/h3>\n<\/td>\n<td>\n<h3>Ago.<\/h3>\n<\/td>\n<td>\n<h3>Sept.<\/h3>\n<\/td>\n<td>\n<h3>Oct.<\/h3>\n<\/td>\n<td>\n<h3>Nov.<\/h3>\n<\/td>\n<td>\n<h3>Dic.<\/h3>\n<\/td>\n<\/tr>\n<tr>\n<td><a href=\"http:\/\/web.quillota.cl\/transparencia\/wp-content\/uploads\/2013\/10\/Pasivos-Municipal-Enero-2016.pdf\">Municipal<\/a><\/p>\n<p>Educaci\u00f3n<\/p>\n<p><a href=\"http:\/\/web.quillota.cl\/transparencia\/wp-content\/uploads\/2013\/10\/Pasivos-Mes-Enero-2016-Salud.pdf\">Salud<\/a><\/td>\n<td><a href=\"http:\/\/web.quillota.cl\/transparencia\/wp-content\/uploads\/2013\/10\/Pasivos-Municipales-Febrero-2016.pdf\">Municipal<\/a><\/p>\n<p>Educaci\u00f3n<\/p>\n<p><a href=\"http:\/\/web.quillota.cl\/transparencia\/wp-content\/uploads\/2013\/10\/Pasivos-Mes-Febrero-2016-Salud-1.pdf\">Salud<\/a><\/td>\n<td><a href=\"http:\/\/web.quillota.cl\/transparencia\/wp-content\/uploads\/2013\/10\/Pasivos-Mes-Marzo-2016.pdf\">Municipal<\/a><\/p>\n<p>Educaci\u00f3n<\/p>\n<p><a href=\"http:\/\/web.quillota.cl\/transparencia\/wp-content\/uploads\/2013\/10\/Pasivos-Mes-Marzo-2016-Salud-1.pdf\">Salud<\/a><\/td>\n<td><a href=\"http:\/\/web.quillota.cl\/transparencia\/wp-content\/uploads\/2013\/10\/Pasivos-Municipales-Abril-2016-.pdf\">Municipal<\/a><\/p>\n<p>Educaci\u00f3n<\/p>\n<p><a href=\"http:\/\/web.quillota.cl\/transparencia\/wp-content\/uploads\/2013\/10\/Pasivo-Abril-2016-Salud.pdf\">Salud<\/a><\/td>\n<td><a href=\"http:\/\/web.quillota.cl\/transparencia\/wp-content\/uploads\/2013\/10\/Pasivos-Mayo-2016.pdf\">Municipa<\/a>l<\/p>\n<p>Educaci\u00f3n<\/p>\n<p><a href=\"http:\/\/www.quillota.cl\/web\/transparencia\/wp-content\/uploads\/2013\/10\/Informe-Financiero-Mayo-2016-Salud.pdf\">Salud<\/a><\/td>\n<td><a href=\"http:\/\/web.quillota.cl\/transparencia\/wp-content\/uploads\/2013\/10\/Pasivos-Municipales-Junio-2016.pdf\">Municipal<\/a><\/p>\n<p>Educaci\u00f3n<\/p>\n<p><a href=\"http:\/\/www.quillota.cl\/web\/transparencia\/wp-content\/uploads\/2013\/10\/Informe-Pasivos-Salud-Junio-2016-.pdf\">Salud<\/a><\/td>\n<td><a href=\"http:\/\/web.quillota.cl\/transparencia\/wp-content\/uploads\/2013\/10\/Pasivos-Julio-2016-Municipal.pdf\">Municipal<\/a><\/p>\n<p>Educaci\u00f3n<\/p>\n<p><a href=\"http:\/\/www.quillota.cl\/web\/transparencia\/wp-content\/uploads\/2013\/10\/Pasivos-Salud-Julio-2016.pdf\">Salud<\/a><\/td>\n<td><a href=\"https:\/\/www.transparenciaquillota.cl\/wp-content\/uploads\/2013\/10\/Pasivos-Municipales-Agosto-2016.pdf\">Municipal<\/a><\/p>\n<p>Educaci\u00f3n<\/p>\n<p><a href=\"https:\/\/www.transparenciaquillota.cl\/wp-content\/uploads\/2013\/10\/Pasivos-Salud-Agosto-2016-2016-.pdf\">Salud<\/a><\/td>\n<td><a href=\"https:\/\/www.transparenciaquillota.cl\/wp-content\/uploads\/2013\/10\/Pasivos-Municipal-Septiembre-2016.pdf\">Municipal<\/a><\/p>\n<p>Educaci\u00f3n<\/p>\n<p><a href=\"https:\/\/www.transparenciaquillota.cl\/wp-content\/uploads\/2013\/10\/Pasivos-Salud-Septiembre-2016-.pdf\">Salud<\/a><\/td>\n<td><a href=\"https:\/\/www.transparenciaquillota.cl\/wp-content\/uploads\/2013\/10\/Pasivos-Municipal-Octubre-2016.pdf\">Municipal<\/a><\/p>\n<p>Educaci\u00f3n<\/p>\n<p><a href=\"https:\/\/www.transparenciaquillota.cl\/wp-content\/uploads\/2013\/10\/Pasivos-Salud-Octubre-2016.pdf\"><span style=\"color: #000000;\">Salud<\/span><\/a><\/td>\n<td><a href=\"https:\/\/www.transparenciaquillota.cl\/wp-content\/uploads\/2013\/10\/Pasivos-Muncipales-Noviembre-2016.pdf\">Municipal<\/a><\/p>\n<p>Educaci\u00f3n<\/p>\n<p><a href=\"https:\/\/www.transparenciaquillota.cl\/wp-content\/uploads\/2013\/10\/Pasivos-Salud-Noviembre-2016.pdf\">Salud<\/a><\/td>\n<td><a href=\"https:\/\/www.transparenciaquillota.cl\/wp-content\/uploads\/2013\/10\/Pasivos-Municipales-Diciembre-2016.pdf\">Municipal<\/a><\/p>\n<p>Educaci\u00f3n<\/p>\n<p><a href=\"https:\/\/www.transparenciaquillota.cl\/wp-content\/uploads\/2013\/10\/Pasivos-Salud-Diciembre-2016-Ley-20.237.pdf\"><span style=\"color: #000000;\">Salud<\/span><\/a><\/td>\n<\/tr>\n<\/tbody>\n<\/table>\n<h2><\/h2>\n<h2>A\u00f1o 2015<\/h2>\n<\/td>\n<\/tr>\n<tr bgcolor=\"#EBEBEB\">\n<td>\n<h3>Enero<\/h3>\n<\/td>\n<td>\n<h3>Febrero<\/h3>\n<\/td>\n<td>\n<h3>Marzo<\/h3>\n<\/td>\n<td>\n<h3>Abril<\/h3>\n<\/td>\n<td>\n<h3>Mayo<\/h3>\n<\/td>\n<td>\n<h3>Junio<\/h3>\n<\/td>\n<td>\n<h3>Julio<\/h3>\n<\/td>\n<td>\n<h3>Ago.<\/h3>\n<\/td>\n<td>\n<h3>Sept.<\/h3>\n<\/td>\n<td>\n<h3>Oct.<\/h3>\n<\/td>\n<td>\n<h3>Nov.<\/h3>\n<\/td>\n<td>\n<h3>Dic.<\/h3>\n<\/td>\n<\/tr>\n<tr>\n<td><a href=\"http:\/\/web.quillota.cl\/transparencia\/wp-content\/uploads\/2013\/10\/Pasivos-Enero-2015.pdf\" target=\"_blank\">Municipal<\/a><\/p>\n<p><a href=\"http:\/\/web.quillota.cl\/transparencia\/wp-content\/uploads\/2013\/10\/Pasivos-Enero-2015-Educacion.pdf\">Educaci\u00f3n<\/a><\/p>\n<p><a href=\"http:\/\/web.quillota.cl\/transparencia\/wp-content\/uploads\/2013\/10\/Pasivos-Enero-2015-Salud.pdf\">Salud<\/a><\/td>\n<td><a href=\"http:\/\/web.quillota.cl\/transparencia\/wp-content\/uploads\/2013\/10\/Pasivos-Febrero-2015.pdf\" target=\"_blank\">Municipal<\/a><\/p>\n<p><a href=\"http:\/\/web.quillota.cl\/transparencia\/wp-content\/uploads\/2013\/10\/Pasivos-Febrero-2015-Educacion.pdf\">Educaci\u00f3n<\/a><\/p>\n<p><a href=\"http:\/\/web.quillota.cl\/transparencia\/wp-content\/uploads\/2013\/10\/Pasivos-Febrero-Salud-2015.pdf\">Salud<\/a><\/td>\n<td><a href=\"http:\/\/web.quillota.cl\/transparencia\/wp-content\/uploads\/2013\/10\/Pasivos-Municipales-Marzo-2015.pdf\" target=\"_blank\">Municipal<\/a><\/p>\n<p><a href=\"http:\/\/web.quillota.cl\/transparencia\/wp-content\/uploads\/2013\/10\/Pasivos-Marzo-2015-Educacion.pdf\">Educaci\u00f3n<\/a><\/p>\n<p><a href=\"http:\/\/web.quillota.cl\/transparencia\/wp-content\/uploads\/2013\/10\/Pasivos-Marzo-Salud-2015.pdf\">Salud<\/a><\/td>\n<td><a href=\"http:\/\/web.quillota.cl\/transparencia\/wp-content\/uploads\/2013\/10\/Pasivos-Abril-2015.pdf\" target=\"_blank\">Municipal<\/a><\/p>\n<p><a href=\"http:\/\/web.quillota.cl\/transparencia\/wp-content\/uploads\/2013\/10\/Pasivos-Abril-2015-Educacion.pdf\">Educaci\u00f3n<\/a><\/p>\n<p><a href=\"http:\/\/web.quillota.cl\/transparencia\/wp-content\/uploads\/2013\/10\/Pasivos-Abril-20151.pdf\">Salud<\/a><\/td>\n<td><a href=\"http:\/\/web.quillota.cl\/transparencia\/wp-content\/uploads\/2013\/10\/Pasivos-Mayo-2015.pdf\" target=\"_blank\">Municipal<\/a><\/p>\n<p><a href=\"http:\/\/web.quillota.cl\/transparencia\/wp-content\/uploads\/2013\/10\/Pasivos-Mayo-2015-Educacion.pdf\">Educaci\u00f3n<\/a><\/p>\n<p><a href=\"http:\/\/web.quillota.cl\/transparencia\/wp-content\/uploads\/2013\/10\/Pasivos-Mayo-Salud-2015.pdf\">Salud<\/a><\/td>\n<td><a href=\"http:\/\/web.quillota.cl\/transparencia\/wp-content\/uploads\/2013\/10\/Pasivos4.pdf\" target=\"_blank\">Municipal<\/a><\/p>\n<p><a href=\"http:\/\/web.quillota.cl\/transparencia\/wp-content\/uploads\/2013\/10\/Pasivos-Junio-2015-Educacion.pdf\">Educaci\u00f3n<\/a><\/p>\n<p><a href=\"http:\/\/web.quillota.cl\/transparencia\/wp-content\/uploads\/2013\/10\/Pasivos-Junio-Salud-2015.pdf\">Salud<\/a><\/td>\n<td><a href=\"http:\/\/web.quillota.cl\/transparencia\/wp-content\/uploads\/2013\/10\/Pasivos-Julio-2015.pdf\" target=\"_blank\">Municipal<\/a><\/p>\n<p><a href=\"http:\/\/web.quillota.cl\/transparencia\/wp-content\/uploads\/2013\/10\/Pasivos-Julio-2015-Educacion.pdf\">Educaci\u00f3n<\/a><\/p>\n<p><a href=\"http:\/\/web.quillota.cl\/transparencia\/wp-content\/uploads\/2013\/10\/Pasivos-Julio-Salud-2015.pdf\">Salud<\/a><\/td>\n<td><a href=\"http:\/\/web.quillota.cl\/transparencia\/wp-content\/uploads\/2013\/10\/Pasivos-Municipal-Agosto.pdf\">Municipal<\/a><\/p>\n<p><a href=\"http:\/\/web.quillota.cl\/transparencia\/wp-content\/uploads\/2013\/10\/Pasivos-Agosto-2015-Educacion.pdf\">Educaci\u00f3n<\/a><\/p>\n<p><a href=\"http:\/\/web.quillota.cl\/transparencia\/wp-content\/uploads\/2013\/10\/Pasivos-Agosto-Salud-2015.pdf\">Salud<\/a><\/td>\n<td><a href=\"http:\/\/web.quillota.cl\/transparencia\/wp-content\/uploads\/2013\/10\/Pasivos-Municipal-Septiembre.pdf\">Municipal<\/a><\/p>\n<p><a href=\"http:\/\/web.quillota.cl\/transparencia\/wp-content\/uploads\/2013\/10\/Pasivos-Septiembre-2015-Educacion.pdf\">Educaci\u00f3n<\/a><\/p>\n<p><a href=\"http:\/\/web.quillota.cl\/transparencia\/wp-content\/uploads\/2013\/10\/Mod.-Psto.-Sepiembre-Salud-2015.pdf\">Salud<\/a><\/td>\n<td><a href=\"http:\/\/web.quillota.cl\/transparencia\/wp-content\/uploads\/2013\/10\/Pasivos-Municipal-Octubre.pdf\">Municipal<\/a><\/p>\n<p><a href=\"http:\/\/web.quillota.cl\/transparencia\/wp-content\/uploads\/2013\/10\/Pasivos-Octubre-2015-Educacion.pdf\">Educaci\u00f3n<\/a><\/p>\n<p><a href=\"http:\/\/web.quillota.cl\/transparencia\/wp-content\/uploads\/2013\/10\/Pasivos-Octubre-Salud-2015.pdf\">Salud<\/a><\/td>\n<td><a href=\"http:\/\/web.quillota.cl\/transparencia\/wp-content\/uploads\/2013\/10\/Pasivos-Municipales-Mes-Noviembre-2015.pdf\">Municipal<\/a><\/p>\n<p><a href=\"http:\/\/web.quillota.cl\/transparencia\/wp-content\/uploads\/2013\/10\/Pasivos-Noviembre-2015-Educacion.pdf\">Educaci\u00f3n<\/a><\/p>\n<p><a href=\"http:\/\/web.quillota.cl\/transparencia\/wp-content\/uploads\/2013\/10\/Pasivo-Noviembre-A\u00f1o-2015-Salud.pdf\">Salud<\/a><\/td>\n<td><a href=\"http:\/\/web.quillota.cl\/transparencia\/wp-content\/uploads\/2013\/10\/Pasivos-Municipales-Diciembre-2015-.pdf\">Municipal<\/a><\/p>\n<p><a href=\"http:\/\/web.quillota.cl\/transparencia\/wp-content\/uploads\/2013\/10\/Pasivos-Municipales-Diciembre-2015-1-1.pdf\">Educaci\u00f3n<\/a><\/p>\n<p><a href=\"http:\/\/web.quillota.cl\/transparencia\/wp-content\/uploads\/2013\/10\/Pasivos-Diciembre-A\u00f1o-2015-Salud.pdf\">Salud<\/a><\/td>\n<\/tr>\n<\/tbody>\n<\/table>\n<p>&nbsp;<\/p>\n<table border=\"0\" cellpadding=\"0\">\n<tbody>\n<tr>\n<td colspan=\"12\">\n<h2>A\u00f1o 2014<\/h2>\n<\/td>\n<\/tr>\n<tr bgcolor=\"#EBEBEB\">\n<td>\n<h3>Enero<\/h3>\n<\/td>\n<td>\n<h3>Febrero<\/h3>\n<\/td>\n<td>\n<h3>Marzo<\/h3>\n<\/td>\n<td>\n<h3>Abril<\/h3>\n<\/td>\n<td>\n<h3>Mayo<\/h3>\n<\/td>\n<td>\n<h3>Junio<\/h3>\n<\/td>\n<td>\n<h3>Julio<\/h3>\n<\/td>\n<td>\n<h3>Agosto<\/h3>\n<\/td>\n<td>\n<h3>Septiembre<\/h3>\n<\/td>\n<td>\n<h3>Octubre<\/h3>\n<\/td>\n<td>\n<h3>Noviembre<\/h3>\n<\/td>\n<td>\n<h3>Diciembre<\/h3>\n<\/td>\n<\/tr>\n<tr>\n<td><a href=\"http:\/\/web.quillota.cl\/transparencia\/wp-content\/uploads\/2013\/04\/Pasivos.pdf\" target=\"_blank\">Pasivos<\/a><\/td>\n<td><a href=\"http:\/\/web.quillota.cl\/transparencia\/wp-content\/uploads\/2013\/10\/Pasivos.pdf\" target=\"_blank\">Pasivos<\/a><\/td>\n<td><a href=\"http:\/\/web.quillota.cl\/transparencia\/wp-content\/uploads\/2013\/10\/Pasivos1.pdf\" target=\"_blank\">Pasivos<\/a><\/td>\n<td><a href=\"http:\/\/web.quillota.cl\/transparencia\/wp-content\/uploads\/2013\/10\/Pasivo-Mes-Abril-2014.pdf\" target=\"_blank\">Pasivos<\/a><\/td>\n<td><a href=\"http:\/\/web.quillota.cl\/transparencia\/wp-content\/uploads\/2013\/10\/Pasivos-Mayo.pdf\" target=\"_blank\">Pasivos<\/a><\/td>\n<td><a href=\"http:\/\/web.quillota.cl\/transparencia\/wp-content\/uploads\/2013\/10\/Pasivos2.pdf\" target=\"_blank\">Pasivos<\/a><\/td>\n<td><a href=\"http:\/\/web.quillota.cl\/transparencia\/wp-content\/uploads\/2013\/10\/Pasivos3.pdf\" target=\"_blank\">Pasivos<\/a><\/td>\n<td><a href=\"http:\/\/web.quillota.cl\/transparencia\/wp-content\/uploads\/2013\/10\/Pasivos-Agosto.pdf\" target=\"_blank\">Pasivos<\/a><\/td>\n<td><a href=\"http:\/\/web.quillota.cl\/transparencia\/wp-content\/uploads\/2013\/10\/Pasivos-Municipal.pdf\" target=\"_blank\">Pasivos<\/a><\/td>\n<td><a href=\"http:\/\/web.quillota.cl\/transparencia\/wp-content\/uploads\/2014\/11\/Pasivos-Municipales.pdf\" target=\"_blank\">Pasivos<\/a><\/td>\n<td><a href=\"http:\/\/web.quillota.cl\/transparencia\/wp-content\/uploads\/2013\/10\/Pasivos-Municipales.pdf\" target=\"_blank\">Pasivos<\/a><\/td>\n<td><a href=\"http:\/\/web.quillota.cl\/transparencia\/wp-content\/uploads\/2013\/10\/Pasivos-Municipales1.pdf\" target=\"_blank\">Pasivos<\/a><\/td>\n<\/tr>\n<\/tbody>\n<\/table>\n<p>&nbsp;<\/p>\n<table border=\"0\" cellpadding=\"0\">\n<tbody>\n<tr>\n<td colspan=\"12\">\n<h2>A\u00f1o 2013<\/h2>\n<\/td>\n<\/tr>\n<tr bgcolor=\"#EBEBEB\">\n<td>\n<h3>Enero<\/h3>\n<\/td>\n<td>\n<h3>Febrero<\/h3>\n<\/td>\n<td>\n<h3>Marzo<\/h3>\n<\/td>\n<td>\n<h3>Abril<\/h3>\n<\/td>\n<td>\n<h3>Mayo<\/h3>\n<\/td>\n<td>\n<h3>Junio<\/h3>\n<\/td>\n<td>\n<h3>Julio<\/h3>\n<\/td>\n<td>\n<h3>Agosto<\/h3>\n<\/td>\n<td>\n<h3>Septiembre<\/h3>\n<\/td>\n<td>\n<h3>Octubre<\/h3>\n<\/td>\n<td>\n<h3>Noviembre<\/h3>\n<\/td>\n<td>\n<h3>Diciembre<\/h3>\n<\/td>\n<\/tr>\n<tr>\n<td><a href=\"#\">Pasivos<\/a><\/td>\n<td><a href=\"#\">Pasivos<\/a><\/td>\n<td><a href=\"http:\/\/web.quillota.cl\/transparencia\/wp-content\/uploads\/2013\/10\/DEUDA-VENCIDA-PROVEEDORES-AL-31.03.2013.pdf\" target=\"_blank\">Pasivos<\/a><\/td>\n<td><a href=\"http:\/\/web.quillota.cl\/transparencia\/wp-content\/uploads\/2013\/10\/DEUDA-VENCIDA-PROVEEDORES-AL-30.04.2013.pdf\" target=\"_blank\">Pasivos<\/a><\/td>\n<td><a href=\"http:\/\/web.quillota.cl\/transparencia\/wp-content\/uploads\/2013\/10\/DEUDA-VENCIDA-PROVEEDORES-AL-31.05.2013.pdf\" target=\"_blank\">Pasivos<\/a><\/td>\n<td><a href=\"http:\/\/web.quillota.cl\/transparencia\/wp-content\/uploads\/2013\/10\/DEUDA-VENCIDA-PROVEEDORES-AL-30-06-2013.pdf\" target=\"_blank\">Pasivos<\/a><\/td>\n<td><a href=\"http:\/\/web.quillota.cl\/transparencia\/wp-content\/uploads\/2013\/10\/DEUDA-VENCIDA-PROVEEDORES-AL-31.07.2013.pdf\" target=\"_blank\">Pasivos<\/a><\/td>\n<td><a href=\"http:\/\/web.quillota.cl\/transparencia\/wp-content\/uploads\/2013\/10\/DEUDA-VENCIDA-PROVEEDORES-AL-31.08.2013.pdf\" target=\"_blank\">Pasivos<\/a><\/td>\n<td><a href=\"http:\/\/web.quillota.cl\/transparencia\/wp-content\/uploads\/2013\/10\/DEUDA-VENCIDA-PROVEEDORES-AL-31.08.2013.pdf\" target=\"_blank\">Pasivos<\/a><\/td>\n<td><a href=\"http:\/\/web.quillota.cl\/transparencia\/wp-content\/uploads\/2013\/10\/PASIVOS.pdf\" target=\"_blank\">Pasivos<\/a><\/td>\n<td><a href=\"http:\/\/web.quillota.cl\/transparencia\/wp-content\/uploads\/2013\/04\/PASIVOS.pdf\" target=\"_blank\">Pasivos<\/a><\/td>\n<td><a href=\"http:\/\/web.quillota.cl\/transparencia\/wp-content\/uploads\/2013\/10\/Pasivos-al-31.12.2013.pdf\" target=\"_blank\">Pasivos<\/a><\/td>\n<\/tr>\n<\/tbody>\n<\/table>\n","protected":false},"excerpt":{"rendered":"<p>\u00a1Por que si estamos informados podemos tomar mejores decisiones! La Ley 20.285 de Acceso a la Informaci\u00f3n P\u00fablica, conocida como Ley de Transparencia se\u00f1ala que todas personas naturales o jur\u00eddicas tienen el derecho de solicitar y recibir informaci\u00f3n de cualquier \u00f3rgano del Estado. \u00bfPor qu\u00e9 es tan importante acceder a la informaci\u00f3n p\u00fablica? * Para <span class=\"excerpt-more\">&rarr;<\/span><\/p>\n","protected":false},"author":1,"featured_media":0,"parent":2827,"menu_order":0,"comment_status":"closed","ping_status":"closed","template":"","meta":{"footnotes":""},"class_list":["post-2317","page","type-page","status-publish","hentry"],"_links":{"self":[{"href":"https:\/\/www.transparenciaquillota.cl\/index.php?rest_route=\/wp\/v2\/pages\/2317","targetHints":{"allow":["GET"]}}],"collection":[{"href":"https:\/\/www.transparenciaquillota.cl\/index.php?rest_route=\/wp\/v2\/pages"}],"about":[{"href":"https:\/\/www.transparenciaquillota.cl\/index.php?rest_route=\/wp\/v2\/types\/page"}],"author":[{"embeddable":true,"href":"https:\/\/www.transparenciaquillota.cl\/index.php?rest_route=\/wp\/v2\/users\/1"}],"replies":[{"embeddable":true,"href":"https:\/\/www.transparenciaquillota.cl\/index.php?rest_route=%2Fwp%2Fv2%2Fcomments&post=2317"}],"version-history":[{"count":86,"href":"https:\/\/www.transparenciaquillota.cl\/index.php?rest_route=\/wp\/v2\/pages\/2317\/revisions"}],"predecessor-version":[{"id":7738,"href":"https:\/\/www.transparenciaquillota.cl\/index.php?rest_route=\/wp\/v2\/pages\/2317\/revisions\/7738"}],"up":[{"embeddable":true,"href":"https:\/\/www.transparenciaquillota.cl\/index.php?rest_route=\/wp\/v2\/pages\/2827"}],"wp:attachment":[{"href":"https:\/\/www.transparenciaquillota.cl\/index.php?rest_route=%2Fwp%2Fv2%2Fmedia&parent=2317"}],"curies":[{"name":"wp","href":"https:\/\/api.w.org\/{rel}","templated":true}]}}