{"id":7739,"date":"2017-02-13T10:22:28","date_gmt":"2017-02-13T13:22:28","guid":{"rendered":"https:\/\/www.transparenciaquillota.cl\/?page_id=7739"},"modified":"2017-09-21T12:19:23","modified_gmt":"2017-09-21T15:19:23","slug":"modificaciones-presupuestarias-ano-2017","status":"publish","type":"page","link":"https:\/\/www.transparenciaquillota.cl\/?page_id=7739","title":{"rendered":"Modificaciones Presupuestarias a\u00f1o 2017"},"content":{"rendered":"<table border=\"0\" width=\"100%\" cellspacing=\"0\" cellpadding=\"0\">\n<tbody>\n<tr>\n<td>\n<table border=\"0\" width=\"100%\" cellspacing=\"0\" cellpadding=\"6\">\n<tbody>\n<tr>\n<td id=\"titulo18\" bgcolor=\"#EBEBEB\">\n<h3>\u00a1Por que si estamos informados podemos tomar mejores decisiones!<\/h3>\n<\/td>\n<\/tr>\n<tr>\n<td id=\"contenido18\">La Ley 20.285 de Acceso a la Informaci\u00f3n P\u00fablica, conocida como Ley de Transparencia se\u00f1ala que todas personas naturales o jur\u00eddicas tienen el derecho de solicitar y recibir informaci\u00f3n de cualquier \u00f3rgano del Estado.<\/td>\n<\/tr>\n<\/tbody>\n<\/table>\n<\/td>\n<\/tr>\n<tr>\n<td>\n<table border=\"0\" width=\"100%\" cellspacing=\"0\" cellpadding=\"6\">\n<tbody>\n<tr>\n<td id=\"titulo19\" bgcolor=\"#EBEBEB\">\n<h3>\u00bfPor qu\u00e9 es tan importante acceder a la informaci\u00f3n p\u00fablica?<\/h3>\n<\/td>\n<\/tr>\n<tr>\n<td id=\"contenido19\">* Para CONOCER las actividades de las autoridades y los beneficios que entrega el Estado * Para FISCALIZAR las acciones del Estado, ayudando a prevenir la corrupci\u00f3n de las instituciones y organismos p\u00fablicos * Para EVALUAR las pol\u00edticas p\u00fablicas y el trabajo que realizan las autoridades de Chile<\/td>\n<\/tr>\n<\/tbody>\n<\/table>\n<\/td>\n<\/tr>\n<\/tbody>\n<\/table>\n<p><a href=\"http:\/\/web.quillota.cl\/transparencia\/wp-content\/uploads\/2012\/08\/icono_volver2.png\"><img loading=\"lazy\" decoding=\"async\" class=\"alignnone size-full wp-image-994\" title=\"icono_volver\" src=\"http:\/\/web.quillota.cl\/transparencia\/wp-content\/uploads\/2012\/08\/icono_volver2.png\" alt=\"\" width=\"14\" height=\"12\" \/><\/a><a>Volver Atr\u00e1s<\/a><\/p>\n<table border=\"0\" width=\"100%\" cellspacing=\"0\" cellpadding=\"6\">\n<tbody>\n<tr>\n<td id=\"titulo6\" bgcolor=\"#EBEBEB\">\n<h2>Modificaciones Presupuestarias<\/h2>\n<\/td>\n<\/tr>\n<tr>\n<td id=\"contenido6\">&nbsp;<\/p>\n<table border=\"0\" width=\"100%\" cellspacing=\"10\">\n<tbody>\n<tr>\n<td colspan=\"6\">\n<h2>A\u00f1o 2017<\/h2>\n<\/td>\n<\/tr>\n<tr>\n<td><strong>Enero<\/strong><\/td>\n<td><strong>Febrero<\/strong><\/td>\n<td><strong>Marzo<\/strong><\/td>\n<td><strong>Abril<\/strong><\/td>\n<td><strong>Mayo<\/strong><\/td>\n<td><strong>Junio<\/strong><\/td>\n<\/tr>\n<tr>\n<td><a href=\"https:\/\/www.transparenciaquillota.cl\/wp-content\/uploads\/2017\/02\/Modificaciones-Presupuestarias-Municipales-Enero-2017.pdf\"><span style=\"color: #000000;\"><strong>Municipal<\/strong><\/span><\/a><\/p>\n<p><span style=\"color: #000000;\"><strong>Salud<\/strong>: S<\/span>in Modificaciones Presupuestarias<\/p>\n<p><a href=\"https:\/\/www.transparenciaquillota.cl\/wp-content\/uploads\/2017\/02\/1647-APRUEBASE-MODFICACION-PRESUPUESTARIA-DEPTO-SALUD.pdf\">Educaci\u00f3n<\/a><\/p>\n<p>&nbsp;<\/td>\n<td><a href=\"https:\/\/www.transparenciaquillota.cl\/wp-content\/uploads\/2017\/02\/Modificaciones-Presupuestarias-Municipal-Febrero-2017-1.pdf\"><span style=\"color: #000000;\"><strong>Municipal<\/strong><\/span><\/a><\/p>\n<p><a href=\"https:\/\/www.transparenciaquillota.cl\/wp-content\/uploads\/2017\/02\/Moficaci\u00f2n-Presupuestaria-Depto.-Salud-Febrero-2017.pdf\"><strong>Salud <\/strong><\/a><\/p>\n<p><strong>Educaci\u00f3n:<\/strong>\u00a0S<span style=\"color: #000000;\">in Modificaciones Presupuestarias<\/span><\/p>\n<p style=\"color: #ffffff;\"><span style=\"color: #ffffff;\">presupuestarias<\/span><\/p>\n<p><span style=\"color: #ffffff;\"><strong>Educaci\u00f3n<\/strong>\u00a0sin modificaciones presupuestarias<\/span><\/td>\n<td><a href=\"https:\/\/www.transparenciaquillota.cl\/wp-content\/uploads\/2017\/02\/Modificaciones-Presupuestarias-Municipales-Marzo-2017-1.pdf\"><span style=\"color: #000000;\">Municipal<\/span><\/a><\/p>\n<p><a href=\"https:\/\/www.transparenciaquillota.cl\/wp-content\/uploads\/2017\/02\/Moficaci\u00f2n-Presupuestaria-Depto.-Salud-Febrero-2017.pdf\"><strong>Salud<\/strong><\/a><\/p>\n<p><strong>Educaci\u00f3n:<\/strong>\u00a0S<span style=\"color: #000000;\">in Modificaciones Presupuestarias<\/span><\/p>\n<p style=\"color: #ffffff;\"><span style=\"color: #ffffff;\"><strong>Salud <\/strong>sin modificaciones presupuestarias<\/span><\/p>\n<p><span style=\"color: #ffffff;\"><strong>Educaci\u00f3n<\/strong>\u00a0sin modificaciones presupuestarias<\/span><\/td>\n<td>\n<p style=\"color: #888888;\"><a href=\"https:\/\/www.transparenciaquillota.cl\/wp-content\/uploads\/2017\/02\/Modif.-Presup.Municipales-Abril-2017.pdf\"><span style=\"color: #000000;\">Municipal<\/span><\/a><\/p>\n<p style=\"color: #888888;\"><span style=\"color: #000000;\"><strong>Salud y Educaci\u00f3n:<\/strong> Sin Modificaciones Presupuestarias<\/span><\/p>\n<p style=\"color: #ffffff;\"><span style=\"color: #ffffff;\"><strong>Salud <\/strong>sin modificaciones presupuestarias<\/span><\/p>\n<p><span style=\"color: #ffffff;\"><strong>Educaci\u00f3n<\/strong>\u00a0sin modificaciones presupuestarias<\/span><\/td>\n<td><a href=\"https:\/\/www.transparenciaquillota.cl\/wp-content\/uploads\/2017\/02\/Modificaciones-Presupuestarias-Municipal-Mayo-2017.pdf\"><span style=\"color: #000000;\">Municipal<\/span><\/a><\/p>\n<p><a href=\"https:\/\/www.transparenciaquillota.cl\/wp-content\/uploads\/2017\/02\/Modificaci\u00f2n-Presupuestaria-Salud-Mes-Mayo-2017.pdf\">Salud<\/a><\/p>\n<p><strong>Educaci\u00f3n:<\/strong> Sin Modificaciones Presupuestarias<\/p>\n<p style=\"color: #ffffff;\"><span style=\"color: #ffffff;\"><strong>Salud <\/strong>sin modificaciones presupuestarias<\/span><\/p>\n<p><span style=\"color: #ffffff;\"><strong>Educaci\u00f3n<\/strong>\u00a0sin modificaciones presupuestarias<\/span><\/td>\n<td><a href=\"https:\/\/www.transparenciaquillota.cl\/wp-content\/uploads\/2017\/02\/4241-APRUEBASE-MODIFICACION-PRESUPUESTARIA-MEMO-N\u00ba-36-FINANZAS.pdf\" target=\"_blank\" rel=\"noopener\"><strong><span style=\"color: #000000;\">Municipal<\/span><\/strong><\/a><\/p>\n<p><span style=\"color: #ffffff;\"><strong><span style=\"color: #000000;\">Salud:<\/span><\/strong><\/span><\/p>\n<ul>\n<li><a href=\"https:\/\/www.transparenciaquillota.cl\/wp-content\/uploads\/2017\/02\/4239-APRUEBASE-MODIFICACION-PRESUPUESTARIA-N\u00ba-4-SALUD.pdf\" target=\"_blank\" rel=\"noopener\">Modificaci\u00f3n 4239<\/a><\/li>\n<li><a href=\"https:\/\/www.transparenciaquillota.cl\/wp-content\/uploads\/2017\/02\/4240-APRUEBASE-MODIFICACION-PRESUPUESTARIA-N\u00ba-5-DEPTO.-SALUD.pdf\" target=\"_blank\" rel=\"noopener\">Modificaci\u00f3n 4240<\/a><\/li>\n<\/ul>\n<p>&nbsp;<\/p>\n<p><span style=\"color: #ffffff;\"><span style=\"color: #000000;\"><strong>Educaci\u00f3n<\/strong>:Sin Modificaciones Presupuestarias<\/span><\/span><\/td>\n<\/tr>\n<tr>\n<td><strong>Julio<\/strong><\/td>\n<td><strong>Agosto<\/strong><\/td>\n<td><strong>Septiembre<\/strong><\/td>\n<td><strong>Octubre<\/strong><\/td>\n<td><strong>Noviembre<\/strong><\/td>\n<td><strong>Diciembre<\/strong><\/td>\n<\/tr>\n<tr>\n<td><a href=\"https:\/\/www.transparenciaquillota.cl\/wp-content\/uploads\/2017\/02\/Modificaci\u00f2n-Presupuestaria-Municipal-Julio.pdf\"><span style=\"color: #000000;\">Municipal<\/span><\/a><\/p>\n<p><a href=\"https:\/\/www.transparenciaquillota.cl\/wp-content\/uploads\/2017\/02\/4807-Modificaci\u00f2n-Presupuestaria-Salud-Mes-Julio.pdf\">Salud<\/a><\/p>\n<p><strong>Educaci\u00f3n:<\/strong>\u00a0Sin Modificaciones Presupuestarias<\/p>\n<p><span style=\"color: #ffffff;\"><strong>Educaci\u00f3n<\/strong>\u00a0sin modificaciones presupuestarias<\/span><\/td>\n<td>\n<p style=\"color: #ffffff;\"><span style=\"color: #000000;\"><a href=\"https:\/\/www.transparenciaquillota.cl\/wp-content\/uploads\/2017\/02\/Modificaciones-Presupuestarias-Municipales-Agosto-2017.pdf\">Municipal<\/a><\/span><\/p>\n<p style=\"color: #ffffff;\"><span style=\"color: #000000;\"><strong>Salud:\u00a0S<\/strong>in Modificaciones Presupuestarias<\/span><\/p>\n<p><strong>Educaci\u00f3n<\/strong>:<\/p>\n<ul>\n<li><a href=\"https:\/\/www.transparenciaquillota.cl\/wp-content\/uploads\/2017\/02\/Modificaci\u00f2n-Presupuestaria-N\u00ba-5762-Educaci\u00f2n-Agosto-2017.pdf\">Modificaci\u00f3n N\u00ba 5762<\/a><\/li>\n<li><a href=\"https:\/\/www.transparenciaquillota.cl\/wp-content\/uploads\/2017\/02\/Modificaci\u00f2n-Presupuestaria-N\u00ba-5763-Educaci\u00f2n-Agosto.pdf\">Modificaci\u00f3n N\u00ba 5763<\/a><\/li>\n<li><a href=\"https:\/\/www.transparenciaquillota.cl\/wp-content\/uploads\/2017\/02\/Modificaci\u00f2n-Presupuestaria-N\u00ba-5764-Educaci\u00f2n-Agosto-2017.pdf\">Modificaci\u00f3n N\u00ba 5764<\/a><\/li>\n<li><a href=\"https:\/\/www.transparenciaquillota.cl\/wp-content\/uploads\/2017\/02\/Modificaci\u00f2n-Presupuestaria-N\u00ba-5765-Educaci\u00f2n-Agosto-2017.pdf\">Modificaci\u00f3n N\u00ba 5765<\/a><\/li>\n<\/ul>\n<\/td>\n<td>\n<p style=\"color: #ffffff;\"><span style=\"color: #ffffff;\">Municipal<\/span><\/p>\n<p style=\"color: #ffffff;\"><span style=\"color: #ffffff;\">\u00a0<strong>Salud <\/strong>sin modificaciones presupuestarias<\/span><\/p>\n<p><span style=\"color: #ffffff;\"><strong>Educaci\u00f3n<\/strong>\u00a0sin modificaciones presupuestarias<\/span><\/td>\n<td>\n<p style=\"color: #ffffff;\"><span style=\"color: #ffffff;\">Municipal<\/span><\/p>\n<p style=\"color: #ffffff;\"><span style=\"color: #ffffff;\"><strong>Salud <\/strong>sin modificaciones presupuestarias<\/span><\/p>\n<p><span style=\"color: #ffffff;\"><strong>Educaci\u00f3n<\/strong>\u00a0sin modificaciones presupuestarias<\/span><\/td>\n<td>\n<p style=\"color: #ffffff;\"><span style=\"color: #ffffff;\">Municipal<\/span><\/p>\n<p style=\"color: #ffffff;\"><span style=\"color: #ffffff;\">Salud\u00a0<\/span><\/p>\n<p><span style=\"color: #ffffff;\"><strong>Educaci\u00f3n<\/strong>\u00a0sin modificaciones presupuestarias<\/span><\/td>\n<td>\n<p style=\"color: #ffffff;\"><span style=\"color: #ffffff;\">Municipal<\/span><\/p>\n<p><span style=\"color: #ffffff;\"><strong>Salud <\/strong>sin modificaciones presupuestarias<\/span><\/p>\n<p><span style=\"color: #ffffff;\"><strong>Educaci\u00f3n<\/strong>\u00a0sin modificaciones presupuestarias<\/span><\/td>\n<\/tr>\n<\/tbody>\n<\/table>\n<h3><a href=\"https:\/\/www.transparenciaquillota.cl\/?page_id=2300\" target=\"_blank\" rel=\"noopener\">Para consultar Modificaciones Presupuestarias de a\u00f1os anteriores, haga click aqu\u00ed<\/a><\/h3>\n<\/td>\n<\/tr>\n<\/tbody>\n<\/table>\n","protected":false},"excerpt":{"rendered":"<p>\u00a1Por que si estamos informados podemos tomar mejores decisiones! La Ley 20.285 de Acceso a la Informaci\u00f3n P\u00fablica, conocida como Ley de Transparencia se\u00f1ala que todas personas naturales o jur\u00eddicas tienen el derecho de solicitar y recibir informaci\u00f3n de cualquier \u00f3rgano del Estado. \u00bfPor qu\u00e9 es tan importante acceder a la informaci\u00f3n p\u00fablica? * Para <span class=\"excerpt-more\">&rarr;<\/span><\/p>\n","protected":false},"author":1,"featured_media":0,"parent":2827,"menu_order":0,"comment_status":"closed","ping_status":"closed","template":"","meta":{"footnotes":""},"class_list":["post-7739","page","type-page","status-publish","hentry"],"_links":{"self":[{"href":"https:\/\/www.transparenciaquillota.cl\/index.php?rest_route=\/wp\/v2\/pages\/7739","targetHints":{"allow":["GET"]}}],"collection":[{"href":"https:\/\/www.transparenciaquillota.cl\/index.php?rest_route=\/wp\/v2\/pages"}],"about":[{"href":"https:\/\/www.transparenciaquillota.cl\/index.php?rest_route=\/wp\/v2\/types\/page"}],"author":[{"embeddable":true,"href":"https:\/\/www.transparenciaquillota.cl\/index.php?rest_route=\/wp\/v2\/users\/1"}],"replies":[{"embeddable":true,"href":"https:\/\/www.transparenciaquillota.cl\/index.php?rest_route=%2Fwp%2Fv2%2Fcomments&post=7739"}],"version-history":[{"count":23,"href":"https:\/\/www.transparenciaquillota.cl\/index.php?rest_route=\/wp\/v2\/pages\/7739\/revisions"}],"predecessor-version":[{"id":9125,"href":"https:\/\/www.transparenciaquillota.cl\/index.php?rest_route=\/wp\/v2\/pages\/7739\/revisions\/9125"}],"up":[{"embeddable":true,"href":"https:\/\/www.transparenciaquillota.cl\/index.php?rest_route=\/wp\/v2\/pages\/2827"}],"wp:attachment":[{"href":"https:\/\/www.transparenciaquillota.cl\/index.php?rest_route=%2Fwp%2Fv2%2Fmedia&parent=7739"}],"curies":[{"name":"wp","href":"https:\/\/api.w.org\/{rel}","templated":true}]}}